{"id":50,"date":"2015-11-02T11:41:41","date_gmt":"2015-11-02T11:41:41","guid":{"rendered":"http:\/\/logart.com.pl\/?page_id=50"},"modified":"2026-04-24T09:06:08","modified_gmt":"2026-04-24T09:06:08","slug":"kontakt","status":"publish","type":"page","link":"https:\/\/www.logart.com.pl\/index.php\/kontakt\/","title":{"rendered":"Kontakt"},"content":{"rendered":"<p><!--\n\n\n<div class=\"container\">\n\n\n<div class=\"row\">\n\n\n<div class=\"col-md-6 abt_sec\">\n--><br \/>\n&nbsp;<\/p>\n<h4>Szukam pracy:<\/h4>\n<p>Je\u017celi chcesz aby\u015bmy mogli zaproponowa\u0107 Ci ofert\u0119 pracy, <a href=\"http:\/\/www.logart.com.pl\/index.php\/zarejestruj-cv\"> zarejestruj swoje CV<\/a><\/p>\n<h4>Szukam pracownika:<\/h4>\n<p>Je\u017celi szukasz pracownika lub jeste\u015b zainteresowany wsp\u00f3\u0142prac\u0105, napisz do nas na adres: <a href=\"mailto:'logart@logart.info'\">logart@logart.info <\/a> lub zadzwo\u0144 pod numer telefonu: +22 244 29 94.<\/p>\n<hr \/>\n<h4><u>Kontakt z naszymi biurami:<\/u><\/h4>\n<h4>Warszawa &#8211; Biuro g\u0142\u00f3wne:<\/h4>\n<p>ul. Z\u0142ota 59, 21 pi\u0119tro<br \/>\n00-120 Warszawa<\/p>\n<p>Tel.: + 48 22 244 29 94<\/p>\n<h4>\u017byrard\u00f3w<\/h4>\n<p>ul. Karola Hiellego 3\/108<br \/>\n96-300 \u017byrard\u00f3w<br \/>\nTel.: + 48 22 244 29 94<\/p>","protected":false},"excerpt":{"rendered":"<p>&nbsp; Szukam pracy: Je\u017celi chcesz aby\u015bmy mogli zaproponowa\u0107 Ci ofert\u0119 pracy, zarejestruj swoje CV Szukam pracownika: Je\u017celi szukasz pracownika lub jeste\u015b zainteresowany wsp\u00f3\u0142prac\u0105, napisz do nas na adres: logart@logart.info lub zadzwo\u0144 pod numer telefonu: +22 244 29 94. Kontakt z naszymi biurami: Warszawa &#8211; Biuro g\u0142\u00f3wne: ul. Z\u0142ota 59, 21 pi\u0119tro 00-120 Warszawa Tel.: + &hellip; <a href=\"https:\/\/www.logart.com.pl\/index.php\/kontakt\/\" class=\"more-link\">Czytaj dalej <span class=\"screen-reader-text\">Kontakt<\/span> <span class=\"meta-nav\">&rarr;<\/span><\/a><\/p>\n","protected":false},"author":1,"featured_media":0,"parent":0,"menu_order":47,"comment_status":"closed","ping_status":"closed","template":"","meta":{"_mi_skip_tracking":false,"_monsterinsights_sitenote_active":false,"_monsterinsights_sitenote_note":"","_monsterinsights_sitenote_category":0},"acf":[],"yoast_head":"<!-- This site is optimized with the Yoast SEO plugin v21.3 - https:\/\/yoast.com\/wordpress\/plugins\/seo\/ -->\n<title>Kontakt - Logart<\/title>\n<meta name=\"robots\" content=\"index, follow, max-snippet:-1, max-image-preview:large, max-video-preview:-1\" \/>\n<link rel=\"canonical\" href=\"https:\/\/www.admin.og.logart.com.pl\/index.php\/kontakt\/\" \/>\n<meta property=\"og:locale\" content=\"pl_PL\" \/>\n<meta property=\"og:type\" content=\"article\" \/>\n<meta property=\"og:title\" content=\"[:pl]Kontakt[:en]Contact[:ru]\u041a\u043e\u043d\u0442\u0430\u043a\u0442[:fr]Contact[:] - Logart\" \/>\n<meta property=\"og:description\" content=\"&nbsp; Szukam pracy: Je\u017celi chcesz aby\u015bmy mogli zaproponowa\u0107 Ci ofert\u0119 pracy, zarejestruj swoje CV Szukam pracownika: Je\u017celi szukasz pracownika lub jeste\u015b zainteresowany wsp\u00f3\u0142prac\u0105, napisz do nas na adres: logart@logart.info lub zadzwo\u0144 pod numer telefonu: +22 244 29 94. Kontakt z naszymi biurami: Warszawa &#8211; Biuro g\u0142\u00f3wne: ul. Z\u0142ota 59, 21 pi\u0119tro 00-120 Warszawa Tel.: + &hellip; Czytaj dalej Kontakt &rarr;\" \/>\n<meta property=\"og:url\" content=\"https:\/\/www.admin.og.logart.com.pl\/index.php\/kontakt\/\" \/>\n<meta property=\"og:site_name\" content=\"Logart\" \/>\n<meta property=\"article:modified_time\" content=\"2026-04-24T09:06:08+00:00\" \/>\n<meta name=\"twitter:card\" content=\"summary_large_image\" \/>\n<meta name=\"twitter:label1\" content=\"Szacowany czas czytania\" \/>\n\t<meta name=\"twitter:data1\" content=\"3 minuty\" \/>\n<script type=\"application\/ld+json\" class=\"yoast-schema-graph\">{\"@context\":\"https:\/\/schema.org\",\"@graph\":[{\"@type\":\"WebPage\",\"@id\":\"https:\/\/www.admin.og.logart.com.pl\/index.php\/kontakt\/\",\"url\":\"https:\/\/www.admin.og.logart.com.pl\/index.php\/kontakt\/\",\"name\":\"[:pl]Kontakt[:en]Contact[:ru]\u041a\u043e\u043d\u0442\u0430\u043a\u0442[:fr]Contact[:] - Logart\",\"isPartOf\":{\"@id\":\"https:\/\/mail12.logart.com.pl\/#website\"},\"datePublished\":\"2015-11-02T11:41:41+00:00\",\"dateModified\":\"2026-04-24T09:06:08+00:00\",\"breadcrumb\":{\"@id\":\"https:\/\/www.admin.og.logart.com.pl\/index.php\/kontakt\/#breadcrumb\"},\"inLanguage\":\"pl-PL\",\"potentialAction\":[{\"@type\":\"ReadAction\",\"target\":[\"https:\/\/www.admin.og.logart.com.pl\/index.php\/kontakt\/\"]}]},{\"@type\":\"BreadcrumbList\",\"@id\":\"https:\/\/www.admin.og.logart.com.pl\/index.php\/kontakt\/#breadcrumb\",\"itemListElement\":[{\"@type\":\"ListItem\",\"position\":1,\"name\":\"Strona g\u0142\u00f3wna\",\"item\":\"https:\/\/mail12.logart.com.pl\/\"},{\"@type\":\"ListItem\",\"position\":2,\"name\":\"Kontakt\"}]},{\"@type\":\"WebSite\",\"@id\":\"https:\/\/mail12.logart.com.pl\/#website\",\"url\":\"https:\/\/mail12.logart.com.pl\/\",\"name\":\"Logart\",\"description\":\"Personnel Consulting\",\"potentialAction\":[{\"@type\":\"SearchAction\",\"target\":{\"@type\":\"EntryPoint\",\"urlTemplate\":\"https:\/\/mail12.logart.com.pl\/?s={search_term_string}\"},\"query-input\":\"required name=search_term_string\"}],\"inLanguage\":\"pl-PL\"}]}<\/script>\n<!-- \/ Yoast SEO plugin. -->","yoast_head_json":{"title":"[:pl]Kontakt[:en]Contact[:ru]\u041a\u043e\u043d\u0442\u0430\u043a\u0442[:fr]Contact[:] - Logart","robots":{"index":"index","follow":"follow","max-snippet":"max-snippet:-1","max-image-preview":"max-image-preview:large","max-video-preview":"max-video-preview:-1"},"canonical":"https:\/\/www.admin.og.logart.com.pl\/index.php\/kontakt\/","og_locale":"pl_PL","og_type":"article","og_title":"[:pl]Kontakt[:en]Contact[:ru]\u041a\u043e\u043d\u0442\u0430\u043a\u0442[:fr]Contact[:] - Logart","og_description":"&nbsp; Szukam pracy: Je\u017celi chcesz aby\u015bmy mogli zaproponowa\u0107 Ci ofert\u0119 pracy, zarejestruj swoje CV Szukam pracownika: Je\u017celi szukasz pracownika lub jeste\u015b zainteresowany wsp\u00f3\u0142prac\u0105, napisz do nas na adres: logart@logart.info lub zadzwo\u0144 pod numer telefonu: +22 244 29 94. Kontakt z naszymi biurami: Warszawa &#8211; Biuro g\u0142\u00f3wne: ul. Z\u0142ota 59, 21 pi\u0119tro 00-120 Warszawa Tel.: + &hellip; Czytaj dalej Kontakt &rarr;","og_url":"https:\/\/www.admin.og.logart.com.pl\/index.php\/kontakt\/","og_site_name":"Logart","article_modified_time":"2026-04-24T09:06:08+00:00","twitter_card":"summary_large_image","twitter_misc":{"Szacowany czas czytania":"3 minuty"},"schema":{"@context":"https:\/\/schema.org","@graph":[{"@type":"WebPage","@id":"https:\/\/www.admin.og.logart.com.pl\/index.php\/kontakt\/","url":"https:\/\/www.admin.og.logart.com.pl\/index.php\/kontakt\/","name":"[:pl]Kontakt[:en]Contact[:ru]\u041a\u043e\u043d\u0442\u0430\u043a\u0442[:fr]Contact[:] - Logart","isPartOf":{"@id":"https:\/\/mail12.logart.com.pl\/#website"},"datePublished":"2015-11-02T11:41:41+00:00","dateModified":"2026-04-24T09:06:08+00:00","breadcrumb":{"@id":"https:\/\/www.admin.og.logart.com.pl\/index.php\/kontakt\/#breadcrumb"},"inLanguage":"pl-PL","potentialAction":[{"@type":"ReadAction","target":["https:\/\/www.admin.og.logart.com.pl\/index.php\/kontakt\/"]}]},{"@type":"BreadcrumbList","@id":"https:\/\/www.admin.og.logart.com.pl\/index.php\/kontakt\/#breadcrumb","itemListElement":[{"@type":"ListItem","position":1,"name":"Strona g\u0142\u00f3wna","item":"https:\/\/mail12.logart.com.pl\/"},{"@type":"ListItem","position":2,"name":"Kontakt"}]},{"@type":"WebSite","@id":"https:\/\/mail12.logart.com.pl\/#website","url":"https:\/\/mail12.logart.com.pl\/","name":"Logart","description":"Personnel Consulting","potentialAction":[{"@type":"SearchAction","target":{"@type":"EntryPoint","urlTemplate":"https:\/\/mail12.logart.com.pl\/?s={search_term_string}"},"query-input":"required name=search_term_string"}],"inLanguage":"pl-PL"}]}},"_links":{"self":[{"href":"https:\/\/www.logart.com.pl\/index.php\/wp-json\/wp\/v2\/pages\/50"}],"collection":[{"href":"https:\/\/www.logart.com.pl\/index.php\/wp-json\/wp\/v2\/pages"}],"about":[{"href":"https:\/\/www.logart.com.pl\/index.php\/wp-json\/wp\/v2\/types\/page"}],"author":[{"embeddable":true,"href":"https:\/\/www.logart.com.pl\/index.php\/wp-json\/wp\/v2\/users\/1"}],"replies":[{"embeddable":true,"href":"https:\/\/www.logart.com.pl\/index.php\/wp-json\/wp\/v2\/comments?post=50"}],"version-history":[{"count":148,"href":"https:\/\/www.logart.com.pl\/index.php\/wp-json\/wp\/v2\/pages\/50\/revisions"}],"predecessor-version":[{"id":2249,"href":"https:\/\/www.logart.com.pl\/index.php\/wp-json\/wp\/v2\/pages\/50\/revisions\/2249"}],"wp:attachment":[{"href":"https:\/\/www.logart.com.pl\/index.php\/wp-json\/wp\/v2\/media?parent=50"}],"curies":[{"name":"wp","href":"https:\/\/api.w.org\/{rel}","templated":true}]}}