{"id":2,"date":"2015-10-16T12:32:18","date_gmt":"2015-10-16T12:32:18","guid":{"rendered":"http:\/\/logart.com.pl\/?page_id=2"},"modified":"2019-07-03T13:41:57","modified_gmt":"2019-07-03T13:41:57","slug":"o-firmie","status":"publish","type":"page","link":"https:\/\/www.logart.com.pl\/index.php\/o-firmie\/","title":{"rendered":"O Nas"},"content":{"rendered":"<p><!--\n\n\n<div class=\"row\">\n\n\n<div class=\"col-md-6\">\n\n --><\/p>\n<h4 style=\"text-align: justify;\">O Nas<\/h4>\n<p style=\"text-align: justify;\">Logart Personnel Consulting jest firm\u0105 rekrutacyjn\u0105 oraz agencj\u0105 pracy tymczasowej, kt\u00f3ra oferuje swoje us\u0142ugi od 2003 roku. Specjalizacja firmy to obs\u0142uga\u00a0 firm z bran\u017cy TSL (transport, spedycja, logistyka) oraz firm o profilu produkcyjnym.<strong><br \/>\n<\/strong><\/p>\n<p style=\"text-align: justify;\"><a href=\"http:\/\/logart.com.pl\/wp-content\/uploads\/2015\/10\/LOGART_19201-v2-1.jpg\"><img decoding=\"async\" loading=\"lazy\" class=\"alignleft wp-image-1550 size-large\" src=\"http:\/\/logart.com.pl\/wp-content\/uploads\/2015\/10\/LOGART_19201-v2-1-1024x683.jpg\" width=\"604\" height=\"403\" srcset=\"https:\/\/www.logart.com.pl\/wp-content\/uploads\/2015\/10\/LOGART_19201-v2-1-1024x683.jpg 1024w, https:\/\/www.logart.com.pl\/wp-content\/uploads\/2015\/10\/LOGART_19201-v2-1-300x200.jpg 300w, https:\/\/www.logart.com.pl\/wp-content\/uploads\/2015\/10\/LOGART_19201-v2-1-768x512.jpg 768w\" sizes=\"(max-width: 604px) 100vw, 604px\" \/><\/a><\/p>\n<hr \/>\n<h4 style=\"text-align: justify;\"><\/h4>\n<h4 style=\"text-align: justify;\">Nasza misja<strong><br \/>\n<\/strong><\/h4>\n<p style=\"text-align: justify;\">Wspieramy rozw\u00f3j naszych klient\u00f3w poprzez zagwarantowanie im optymalnych rozwi\u0105za\u0144 kadrowych.\u00a0Pomagamy ludziom znale\u017a\u0107 najlepsze \u015brodowisko do realizacji ich cel\u00f3w zawodowych.<\/p>\n<h4 style=\"text-align: justify;\"><\/h4>\n<hr \/>\n<h4 style=\"text-align: justify;\"><\/h4>\n<h4 style=\"text-align: justify;\"><\/h4>\n<p><!--\n\n\n<div class=\"col-md-6\">\n\n\n<h4 style=\"text-align: justify;\">Historia<\/h4>\n\n\n\n\n<p style=\"text-align: justify;\">Firma Logart zosta\u0142a za\u0142o\u017cona w 2003 roku przez osoby posiadaj\u0105ce wieloletnie do\u015bwiadczenie mened\u017cerskie w sektorach: produkcji i logistyki.<\/p>\n\n\n\n\n<p style=\"text-align: justify;\">W latach 2003- 2004 istotn\u0105 sfer\u0105 dzia\u0142alno\u015bci by\u0142o po\u015brednictwo w zakresie zatrudniania polskich pracownik\u00f3w u pracodawc\u00f3w zagranicznych. W tym czasie kierowali\u015bmy pracownik\u00f3w przede wszystkim do takich kraj\u00f3w jak: Wielka Brytania, Irlandia, USA, Zjednoczone Emiraty Arabskie, Jordania.<\/p>\n\n\n\n\n\n<h5 style=\"text-align: justify;\">Od 2005 nasza firma jest jednym z lider\u00f3w w zakresie obs\u0142ugi sektora TSL (transport, spedycja, logistyka). \u00a0O takiej specjalizacji na rynku polskim zadecydowa\u0142y dwa czynniki:<\/h5>\n\n\n\n\n<ul style=\"text-align: justify;\">\n \t\n\n<li>zidentyfikowany brak na rynku agencji rekrutacyjnych podmiotu znaj\u0105cego nie tylko zasady profesjonalnej rekrutacji ale r\u00f3wnie\u017c b\u0119d\u0105cego ekspertem w zakresie us\u0142ug i proces\u00f3w logistycznych,<\/li>\n\n\n \t\n\n<li>doskona\u0142a znajomo\u015b\u0107 rynku, zar\u00f3wno pracownik\u00f3w jak i pracodawc\u00f3w, dzia\u0142aj\u0105cych w sektorze TSL.<\/li>\n\n\n<\/ul>\n\n\n\n\n<p style=\"text-align: justify;\">Zaufa\u0142o nam ponad 50 znanych przedsi\u0119biorstw funkcjonuj\u0105cych w bran\u017cy logistycznej. S\u0105 w\u015br\u00f3d nich renomowane korporacje spedycyjne, mi\u0119dzynarodowi przewo\u017anicy oraz globalni operatorzy logistyczni.<\/p>\n\n\n\n\n<p style=\"text-align: justify;\">Od 2007 roku zakres us\u0142ug firmy zosta\u0142 poszerzony o us\u0142ugi udost\u0119pniania pracownik\u00f3w tymczasowych. W ramach <a href=\"http:\/\/logart.com.pl\/index.php\/strona-glowna\/leasing-pracowniczy\/\">leasingu pracowniczego<\/a>\u00a0naszym klientom dostarczamy do\u015bwiadczonych pracownik\u00f3w, g\u0142\u00f3wnie na stanowiska zwi\u0105zane z produkcj\u0105, konfekcjonowaniem i magazynowaniem towar\u00f3w.<\/p>\n\n\n\n\n<p style=\"text-align: justify;\">Wysoka jako\u015b\u0107 \u015bwiadczonych us\u0142ug sprawia, \u017ce coraz cz\u0119\u015bciej zadania rekrutacyjne powierzaj\u0105 nam uznane marki, reprezentuj\u0105ce r\u00f3\u017cnorodne bran\u017ce. Do naszych klient\u00f3w do\u0142\u0105czy\u0142y mi\u0119dzy innymi: najwi\u0119ksza w Europie korporacja budowlana, renomowane kluby sportowe oraz mi\u0119dzynarodowe linie lotnicze.<\/p>\n\n\n&nbsp;\n<!--<\/div>\n\n\n<\/div>\n\n\n--><\/p>","protected":false},"excerpt":{"rendered":"<p>O Nas Logart Personnel Consulting jest firm\u0105 rekrutacyjn\u0105 oraz agencj\u0105 pracy tymczasowej, kt\u00f3ra oferuje swoje us\u0142ugi od 2003 roku. Specjalizacja firmy to obs\u0142uga\u00a0 firm z bran\u017cy TSL (transport, spedycja, logistyka) oraz firm o profilu produkcyjnym. Nasza misja Wspieramy rozw\u00f3j naszych klient\u00f3w poprzez zagwarantowanie im optymalnych rozwi\u0105za\u0144 kadrowych.\u00a0Pomagamy ludziom znale\u017a\u0107 najlepsze \u015brodowisko do realizacji ich cel\u00f3w &hellip; <a href=\"https:\/\/www.logart.com.pl\/index.php\/o-firmie\/\" class=\"more-link\">Czytaj dalej <span class=\"screen-reader-text\">O Nas<\/span> <span class=\"meta-nav\">&rarr;<\/span><\/a><\/p>\n","protected":false},"author":1,"featured_media":0,"parent":0,"menu_order":44,"comment_status":"closed","ping_status":"open","template":"","meta":{"_mi_skip_tracking":false,"_monsterinsights_sitenote_active":false,"_monsterinsights_sitenote_note":"","_monsterinsights_sitenote_category":0},"acf":[],"yoast_head":"<!-- This site is optimized with the Yoast SEO plugin v21.3 - https:\/\/yoast.com\/wordpress\/plugins\/seo\/ -->\n<title>O Nas - Logart<\/title>\n<meta name=\"robots\" content=\"index, follow, max-snippet:-1, max-image-preview:large, max-video-preview:-1\" \/>\n<link rel=\"canonical\" href=\"https:\/\/blog.wp.blog.autodiscover.logart.com.pl\/index.php\/o-firmie\/\" \/>\n<meta property=\"og:locale\" content=\"pl_PL\" \/>\n<meta property=\"og:type\" content=\"article\" \/>\n<meta property=\"og:title\" content=\"[:pl]O Nas[:en]About[:ru]\u041e \u0444\u0438\u0440\u043c\u0435[:fr]A propos de nous[:de]Sample Page de[:] - Logart\" \/>\n<meta property=\"og:description\" content=\"O Nas Logart Personnel Consulting jest firm\u0105 rekrutacyjn\u0105 oraz agencj\u0105 pracy tymczasowej, kt\u00f3ra oferuje swoje us\u0142ugi od 2003 roku. Specjalizacja firmy to obs\u0142uga\u00a0 firm z bran\u017cy TSL (transport, spedycja, logistyka) oraz firm o profilu produkcyjnym. Nasza misja Wspieramy rozw\u00f3j naszych klient\u00f3w poprzez zagwarantowanie im optymalnych rozwi\u0105za\u0144 kadrowych.\u00a0Pomagamy ludziom znale\u017a\u0107 najlepsze \u015brodowisko do realizacji ich cel\u00f3w &hellip; Czytaj dalej O Nas &rarr;\" \/>\n<meta property=\"og:url\" content=\"https:\/\/blog.wp.blog.autodiscover.logart.com.pl\/index.php\/o-firmie\/\" \/>\n<meta property=\"og:site_name\" content=\"Logart\" \/>\n<meta property=\"article:modified_time\" content=\"2019-07-03T13:41:57+00:00\" \/>\n<meta property=\"og:image\" content=\"http:\/\/logart.com.pl\/wp-content\/uploads\/2015\/10\/LOGART_19201-v2-1-1024x683.jpg\" \/>\n<meta name=\"twitter:card\" content=\"summary_large_image\" \/>\n<meta name=\"twitter:label1\" content=\"Szacowany czas czytania\" \/>\n\t<meta name=\"twitter:data1\" content=\"3 minuty\" \/>\n<script type=\"application\/ld+json\" class=\"yoast-schema-graph\">{\"@context\":\"https:\/\/schema.org\",\"@graph\":[{\"@type\":\"WebPage\",\"@id\":\"https:\/\/blog.wp.blog.autodiscover.logart.com.pl\/index.php\/o-firmie\/\",\"url\":\"https:\/\/blog.wp.blog.autodiscover.logart.com.pl\/index.php\/o-firmie\/\",\"name\":\"[:pl]O Nas[:en]About[:ru]\u041e \u0444\u0438\u0440\u043c\u0435[:fr]A propos de nous[:de]Sample Page de[:] - Logart\",\"isPartOf\":{\"@id\":\"https:\/\/logart.com.pl\/#website\"},\"datePublished\":\"2015-10-16T12:32:18+00:00\",\"dateModified\":\"2019-07-03T13:41:57+00:00\",\"breadcrumb\":{\"@id\":\"https:\/\/blog.wp.blog.autodiscover.logart.com.pl\/index.php\/o-firmie\/#breadcrumb\"},\"inLanguage\":\"pl-PL\",\"potentialAction\":[{\"@type\":\"ReadAction\",\"target\":[\"https:\/\/blog.wp.blog.autodiscover.logart.com.pl\/index.php\/o-firmie\/\"]}]},{\"@type\":\"BreadcrumbList\",\"@id\":\"https:\/\/blog.wp.blog.autodiscover.logart.com.pl\/index.php\/o-firmie\/#breadcrumb\",\"itemListElement\":[{\"@type\":\"ListItem\",\"position\":1,\"name\":\"Strona g\u0142\u00f3wna\",\"item\":\"https:\/\/logart.com.pl\/\"},{\"@type\":\"ListItem\",\"position\":2,\"name\":\"O Nas\"}]},{\"@type\":\"WebSite\",\"@id\":\"https:\/\/logart.com.pl\/#website\",\"url\":\"https:\/\/logart.com.pl\/\",\"name\":\"Logart\",\"description\":\"Personnel Consulting\",\"potentialAction\":[{\"@type\":\"SearchAction\",\"target\":{\"@type\":\"EntryPoint\",\"urlTemplate\":\"https:\/\/logart.com.pl\/?s={search_term_string}\"},\"query-input\":\"required name=search_term_string\"}],\"inLanguage\":\"pl-PL\"}]}<\/script>\n<!-- \/ Yoast SEO plugin. -->","yoast_head_json":{"title":"[:pl]O Nas[:en]About[:ru]\u041e \u0444\u0438\u0440\u043c\u0435[:fr]A propos de nous[:de]Sample Page de[:] - Logart","robots":{"index":"index","follow":"follow","max-snippet":"max-snippet:-1","max-image-preview":"max-image-preview:large","max-video-preview":"max-video-preview:-1"},"canonical":"https:\/\/blog.wp.blog.autodiscover.logart.com.pl\/index.php\/o-firmie\/","og_locale":"pl_PL","og_type":"article","og_title":"[:pl]O Nas[:en]About[:ru]\u041e \u0444\u0438\u0440\u043c\u0435[:fr]A propos de nous[:de]Sample Page de[:] - Logart","og_description":"O Nas Logart Personnel Consulting jest firm\u0105 rekrutacyjn\u0105 oraz agencj\u0105 pracy tymczasowej, kt\u00f3ra oferuje swoje us\u0142ugi od 2003 roku. Specjalizacja firmy to obs\u0142uga\u00a0 firm z bran\u017cy TSL (transport, spedycja, logistyka) oraz firm o profilu produkcyjnym. Nasza misja Wspieramy rozw\u00f3j naszych klient\u00f3w poprzez zagwarantowanie im optymalnych rozwi\u0105za\u0144 kadrowych.\u00a0Pomagamy ludziom znale\u017a\u0107 najlepsze \u015brodowisko do realizacji ich cel\u00f3w &hellip; Czytaj dalej O Nas &rarr;","og_url":"https:\/\/blog.wp.blog.autodiscover.logart.com.pl\/index.php\/o-firmie\/","og_site_name":"Logart","article_modified_time":"2019-07-03T13:41:57+00:00","og_image":[{"url":"http:\/\/logart.com.pl\/wp-content\/uploads\/2015\/10\/LOGART_19201-v2-1-1024x683.jpg"}],"twitter_card":"summary_large_image","twitter_misc":{"Szacowany czas czytania":"3 minuty"},"schema":{"@context":"https:\/\/schema.org","@graph":[{"@type":"WebPage","@id":"https:\/\/blog.wp.blog.autodiscover.logart.com.pl\/index.php\/o-firmie\/","url":"https:\/\/blog.wp.blog.autodiscover.logart.com.pl\/index.php\/o-firmie\/","name":"[:pl]O Nas[:en]About[:ru]\u041e \u0444\u0438\u0440\u043c\u0435[:fr]A propos de nous[:de]Sample Page de[:] - Logart","isPartOf":{"@id":"https:\/\/logart.com.pl\/#website"},"datePublished":"2015-10-16T12:32:18+00:00","dateModified":"2019-07-03T13:41:57+00:00","breadcrumb":{"@id":"https:\/\/blog.wp.blog.autodiscover.logart.com.pl\/index.php\/o-firmie\/#breadcrumb"},"inLanguage":"pl-PL","potentialAction":[{"@type":"ReadAction","target":["https:\/\/blog.wp.blog.autodiscover.logart.com.pl\/index.php\/o-firmie\/"]}]},{"@type":"BreadcrumbList","@id":"https:\/\/blog.wp.blog.autodiscover.logart.com.pl\/index.php\/o-firmie\/#breadcrumb","itemListElement":[{"@type":"ListItem","position":1,"name":"Strona g\u0142\u00f3wna","item":"https:\/\/logart.com.pl\/"},{"@type":"ListItem","position":2,"name":"O Nas"}]},{"@type":"WebSite","@id":"https:\/\/logart.com.pl\/#website","url":"https:\/\/logart.com.pl\/","name":"Logart","description":"Personnel Consulting","potentialAction":[{"@type":"SearchAction","target":{"@type":"EntryPoint","urlTemplate":"https:\/\/logart.com.pl\/?s={search_term_string}"},"query-input":"required name=search_term_string"}],"inLanguage":"pl-PL"}]}},"_links":{"self":[{"href":"https:\/\/www.logart.com.pl\/index.php\/wp-json\/wp\/v2\/pages\/2"}],"collection":[{"href":"https:\/\/www.logart.com.pl\/index.php\/wp-json\/wp\/v2\/pages"}],"about":[{"href":"https:\/\/www.logart.com.pl\/index.php\/wp-json\/wp\/v2\/types\/page"}],"author":[{"embeddable":true,"href":"https:\/\/www.logart.com.pl\/index.php\/wp-json\/wp\/v2\/users\/1"}],"replies":[{"embeddable":true,"href":"https:\/\/www.logart.com.pl\/index.php\/wp-json\/wp\/v2\/comments?post=2"}],"version-history":[{"count":95,"href":"https:\/\/www.logart.com.pl\/index.php\/wp-json\/wp\/v2\/pages\/2\/revisions"}],"predecessor-version":[{"id":1968,"href":"https:\/\/www.logart.com.pl\/index.php\/wp-json\/wp\/v2\/pages\/2\/revisions\/1968"}],"wp:attachment":[{"href":"https:\/\/www.logart.com.pl\/index.php\/wp-json\/wp\/v2\/media?parent=2"}],"curies":[{"name":"wp","href":"https:\/\/api.w.org\/{rel}","templated":true}]}}