{"id":1365,"date":"2018-05-17T18:36:51","date_gmt":"2018-05-17T18:36:51","guid":{"rendered":"http:\/\/logart.com.pl\/?page_id=1365"},"modified":"2021-04-22T21:09:09","modified_gmt":"2021-04-22T21:09:09","slug":"rodo","status":"publish","type":"page","link":"https:\/\/www.logart.com.pl\/index.php\/rodo\/","title":{"rendered":"Rodo"},"content":{"rendered":"<p><\/p>\n<p style=\"text-align: center;\"><strong>INFORMACJA O ZASADACH PRZETWARZANIA DANYCH<\/strong><\/p>\n<ol>\n<li>Administratorami Twoich danych osobowych przekazanych w formularzu rejestracyjnym lub w CV s\u0105 firmy Logart Sp. z o.o., adres siedziby: ul. Karola Hiellego 3\/108, 96-300 \u017byrard\u00f3w, NIP: 8381852559 oraz Logart, adres siedziby: ul. Armii Krajowej 41, 96-314 Baran\u00f3w, NIP: 8381256389, zwane dalej Administratorami.<\/li>\n<li>Z Administratorami mo\u017cna kontaktowa\u0107 si\u0119 za po\u015brednictwem adresu e-mail: ado@logart.com.pl, tel: +48 22 2442994 lub poprzez adres korespondencyjny: ul. Smolna 38\/3, 00-375 Warszawa (z dopiskiem na kopercie \u201eADO\u201d).<\/li>\n<li>Administratorzy mog\u0105 przetwarza\u0107 Twoje dane w celu realizacji bie\u017c\u0105cych lub przysz\u0142ych: us\u0142ug rekrutacyjnych, us\u0142ug agencji pracy tymczasowej,<br \/>\nus\u0142ug outsourcingu. Podstaw\u0105 jest zgoda na przetwarzanie danych osobowych w tym celu. Je\u017celi chcesz wyrazi\u0107 zgod\u0119 na przetwarzanie Twoich danych osobowych tylko w odniesieniu do bie\u017c\u0105cego procesu rekrutacyjnego, prosimy o wys\u0142anie listu na adres podany w pkt 2. lub maila na adres: ado@logart.com.pl, o tytule: \u201eOgraniczenie zgody\u201d i tre\u015bci: \u201eNie wyra\u017cam zgody na przetwarzanie moich danych osobowych w przysz\u0142ych procesach rekrutacyjnych. Imi\u0119 i nazwisko.\u201d<\/li>\n<li>Podanie danych osobowych jest dobrowolne, ale niezb\u0119dne do realizacji powy\u017cszych cel\u00f3w.<\/li>\n<li>Dane osobowe przetwarzane s\u0105 wy\u0142\u0105cznie dla cel\u00f3w zwi\u0105zanych z rekrutacj\u0105 oraz zatrudnieniem na stanowiska pracy oferowane przez Administrator\u00f3w oraz ich zleceniodawc\u00f3w.<\/li>\n<li>W przypadku wyra\u017cenia zgody na udzia\u0142 w bie\u017c\u0105cych i w przysz\u0142ych procesach rekrutacyjnych Twoje dane osobowe b\u0119d\u0105 przechowywane przez 10 lat od daty otrzymania aplikacji lub do momentu wycofania zgody.<\/li>\n<li>Administratorzy mog\u0105 przekaza\u0107 Twoje dane osobowe pracodawcom dla kt\u00f3rych realizuj\u0105 zlecenia rekrutacyjne oraz podmiotom wsp\u00f3\u0142pracuj\u0105cym do cel\u00f3w zwi\u0105zanych z rekrutacj\u0105 i zatrudnieniem. Ponadto dane osobowe mog\u0105 by\u0107 tak\u017ce udost\u0119pnione odpowiednim organom pa\u0144stwowym na ich \u017c\u0105danie na podstawie odpowiednich przepis\u00f3w prawa.<\/li>\n<li>Administratorzy nie zamierzaj\u0105 przekazywa\u0107 Twoich danych osobowych do pa\u0144stwa trzeciego ani do organizacji mi\u0119dzynarodowych.<\/li>\n<li>Masz prawo \u017c\u0105da\u0107 od Administrator\u00f3w dost\u0119pu do swoich danych, ich sprostowania, uzupe\u0142niania i usuni\u0119cia, a tak\u017ce prawo do ograniczenia przetwarzania danych.<\/li>\n<li>W oparciu o Twoje dane osobowe Administratorzy nie b\u0119d\u0105 podejmowali wobec Ciebie zautomatyzowanych decyzji, w tym decyzji b\u0119d\u0105cych wynikiem profilowania.<\/li>\n<\/ol>\n<p><\/p>","protected":false},"excerpt":{"rendered":"<p>INFORMACJA O ZASADACH PRZETWARZANIA DANYCH Administratorami Twoich danych osobowych przekazanych w formularzu rejestracyjnym lub w CV s\u0105 firmy Logart Sp. z o.o., adres siedziby: ul. Karola Hiellego 3\/108, 96-300 \u017byrard\u00f3w, NIP: 8381852559 oraz Logart, adres siedziby: ul. Armii Krajowej 41, 96-314 Baran\u00f3w, NIP: 8381256389, zwane dalej Administratorami. Z Administratorami mo\u017cna kontaktowa\u0107 si\u0119 za po\u015brednictwem adresu &hellip; <a href=\"https:\/\/www.logart.com.pl\/index.php\/rodo\/\" class=\"more-link\">Czytaj dalej <span class=\"screen-reader-text\">Rodo<\/span> <span class=\"meta-nav\">&rarr;<\/span><\/a><\/p>\n","protected":false},"author":1,"featured_media":0,"parent":0,"menu_order":35,"comment_status":"closed","ping_status":"closed","template":"","meta":{"_mi_skip_tracking":false,"_monsterinsights_sitenote_active":false,"_monsterinsights_sitenote_note":"","_monsterinsights_sitenote_category":0},"acf":[],"yoast_head":"<!-- This site is optimized with the Yoast SEO plugin v21.3 - https:\/\/yoast.com\/wordpress\/plugins\/seo\/ -->\n<title>Rodo - Logart<\/title>\n<meta name=\"robots\" content=\"index, follow, max-snippet:-1, max-image-preview:large, max-video-preview:-1\" \/>\n<link rel=\"canonical\" href=\"https:\/\/support.blog.blog.blog.correo.logart.com.pl\/index.php\/rodo\/\" \/>\n<meta property=\"og:locale\" content=\"pl_PL\" \/>\n<meta property=\"og:type\" content=\"article\" \/>\n<meta property=\"og:title\" content=\"[:pl]Rodo[:en]GDPR[:ru]GDPR[:] - Logart\" \/>\n<meta property=\"og:description\" content=\"INFORMACJA O ZASADACH PRZETWARZANIA DANYCH Administratorami Twoich danych osobowych przekazanych w formularzu rejestracyjnym lub w CV s\u0105 firmy Logart Sp. z o.o., adres siedziby: ul. Karola Hiellego 3\/108, 96-300 \u017byrard\u00f3w, NIP: 8381852559 oraz Logart, adres siedziby: ul. Armii Krajowej 41, 96-314 Baran\u00f3w, NIP: 8381256389, zwane dalej Administratorami. Z Administratorami mo\u017cna kontaktowa\u0107 si\u0119 za po\u015brednictwem adresu &hellip; Czytaj dalej Rodo &rarr;\" \/>\n<meta property=\"og:url\" content=\"https:\/\/support.blog.blog.blog.correo.logart.com.pl\/index.php\/rodo\/\" \/>\n<meta property=\"og:site_name\" content=\"Logart\" \/>\n<meta property=\"article:modified_time\" content=\"2021-04-22T21:09:09+00:00\" \/>\n<meta name=\"twitter:card\" content=\"summary_large_image\" \/>\n<meta name=\"twitter:label1\" content=\"Szacowany czas czytania\" \/>\n\t<meta name=\"twitter:data1\" content=\"4 minuty\" \/>\n<script type=\"application\/ld+json\" class=\"yoast-schema-graph\">{\"@context\":\"https:\/\/schema.org\",\"@graph\":[{\"@type\":\"WebPage\",\"@id\":\"https:\/\/support.blog.blog.blog.correo.logart.com.pl\/index.php\/rodo\/\",\"url\":\"https:\/\/support.blog.blog.blog.correo.logart.com.pl\/index.php\/rodo\/\",\"name\":\"[:pl]Rodo[:en]GDPR[:ru]GDPR[:] - Logart\",\"isPartOf\":{\"@id\":\"https:\/\/logart.com.pl\/#website\"},\"datePublished\":\"2018-05-17T18:36:51+00:00\",\"dateModified\":\"2021-04-22T21:09:09+00:00\",\"breadcrumb\":{\"@id\":\"https:\/\/support.blog.blog.blog.correo.logart.com.pl\/index.php\/rodo\/#breadcrumb\"},\"inLanguage\":\"pl-PL\",\"potentialAction\":[{\"@type\":\"ReadAction\",\"target\":[\"https:\/\/support.blog.blog.blog.correo.logart.com.pl\/index.php\/rodo\/\"]}]},{\"@type\":\"BreadcrumbList\",\"@id\":\"https:\/\/support.blog.blog.blog.correo.logart.com.pl\/index.php\/rodo\/#breadcrumb\",\"itemListElement\":[{\"@type\":\"ListItem\",\"position\":1,\"name\":\"Strona g\u0142\u00f3wna\",\"item\":\"https:\/\/logart.com.pl\/\"},{\"@type\":\"ListItem\",\"position\":2,\"name\":\"Rodo\"}]},{\"@type\":\"WebSite\",\"@id\":\"https:\/\/logart.com.pl\/#website\",\"url\":\"https:\/\/logart.com.pl\/\",\"name\":\"Logart\",\"description\":\"Personnel Consulting\",\"potentialAction\":[{\"@type\":\"SearchAction\",\"target\":{\"@type\":\"EntryPoint\",\"urlTemplate\":\"https:\/\/logart.com.pl\/?s={search_term_string}\"},\"query-input\":\"required name=search_term_string\"}],\"inLanguage\":\"pl-PL\"}]}<\/script>\n<!-- \/ Yoast SEO plugin. -->","yoast_head_json":{"title":"[:pl]Rodo[:en]GDPR[:ru]GDPR[:] - Logart","robots":{"index":"index","follow":"follow","max-snippet":"max-snippet:-1","max-image-preview":"max-image-preview:large","max-video-preview":"max-video-preview:-1"},"canonical":"https:\/\/support.blog.blog.blog.correo.logart.com.pl\/index.php\/rodo\/","og_locale":"pl_PL","og_type":"article","og_title":"[:pl]Rodo[:en]GDPR[:ru]GDPR[:] - Logart","og_description":"INFORMACJA O ZASADACH PRZETWARZANIA DANYCH Administratorami Twoich danych osobowych przekazanych w formularzu rejestracyjnym lub w CV s\u0105 firmy Logart Sp. z o.o., adres siedziby: ul. Karola Hiellego 3\/108, 96-300 \u017byrard\u00f3w, NIP: 8381852559 oraz Logart, adres siedziby: ul. Armii Krajowej 41, 96-314 Baran\u00f3w, NIP: 8381256389, zwane dalej Administratorami. Z Administratorami mo\u017cna kontaktowa\u0107 si\u0119 za po\u015brednictwem adresu &hellip; Czytaj dalej Rodo &rarr;","og_url":"https:\/\/support.blog.blog.blog.correo.logart.com.pl\/index.php\/rodo\/","og_site_name":"Logart","article_modified_time":"2021-04-22T21:09:09+00:00","twitter_card":"summary_large_image","twitter_misc":{"Szacowany czas czytania":"4 minuty"},"schema":{"@context":"https:\/\/schema.org","@graph":[{"@type":"WebPage","@id":"https:\/\/support.blog.blog.blog.correo.logart.com.pl\/index.php\/rodo\/","url":"https:\/\/support.blog.blog.blog.correo.logart.com.pl\/index.php\/rodo\/","name":"[:pl]Rodo[:en]GDPR[:ru]GDPR[:] - Logart","isPartOf":{"@id":"https:\/\/logart.com.pl\/#website"},"datePublished":"2018-05-17T18:36:51+00:00","dateModified":"2021-04-22T21:09:09+00:00","breadcrumb":{"@id":"https:\/\/support.blog.blog.blog.correo.logart.com.pl\/index.php\/rodo\/#breadcrumb"},"inLanguage":"pl-PL","potentialAction":[{"@type":"ReadAction","target":["https:\/\/support.blog.blog.blog.correo.logart.com.pl\/index.php\/rodo\/"]}]},{"@type":"BreadcrumbList","@id":"https:\/\/support.blog.blog.blog.correo.logart.com.pl\/index.php\/rodo\/#breadcrumb","itemListElement":[{"@type":"ListItem","position":1,"name":"Strona g\u0142\u00f3wna","item":"https:\/\/logart.com.pl\/"},{"@type":"ListItem","position":2,"name":"Rodo"}]},{"@type":"WebSite","@id":"https:\/\/logart.com.pl\/#website","url":"https:\/\/logart.com.pl\/","name":"Logart","description":"Personnel Consulting","potentialAction":[{"@type":"SearchAction","target":{"@type":"EntryPoint","urlTemplate":"https:\/\/logart.com.pl\/?s={search_term_string}"},"query-input":"required name=search_term_string"}],"inLanguage":"pl-PL"}]}},"_links":{"self":[{"href":"https:\/\/www.logart.com.pl\/index.php\/wp-json\/wp\/v2\/pages\/1365"}],"collection":[{"href":"https:\/\/www.logart.com.pl\/index.php\/wp-json\/wp\/v2\/pages"}],"about":[{"href":"https:\/\/www.logart.com.pl\/index.php\/wp-json\/wp\/v2\/types\/page"}],"author":[{"embeddable":true,"href":"https:\/\/www.logart.com.pl\/index.php\/wp-json\/wp\/v2\/users\/1"}],"replies":[{"embeddable":true,"href":"https:\/\/www.logart.com.pl\/index.php\/wp-json\/wp\/v2\/comments?post=1365"}],"version-history":[{"count":16,"href":"https:\/\/www.logart.com.pl\/index.php\/wp-json\/wp\/v2\/pages\/1365\/revisions"}],"predecessor-version":[{"id":2102,"href":"https:\/\/www.logart.com.pl\/index.php\/wp-json\/wp\/v2\/pages\/1365\/revisions\/2102"}],"wp:attachment":[{"href":"https:\/\/www.logart.com.pl\/index.php\/wp-json\/wp\/v2\/media?parent=1365"}],"curies":[{"name":"wp","href":"https:\/\/api.w.org\/{rel}","templated":true}]}}